{"id":5,"date":"2020-01-13T11:17:52","date_gmt":"2020-01-13T11:17:52","guid":{"rendered":"https:\/\/demosites.io\/web-agency-gb\/?page_id=5"},"modified":"2024-04-11T11:45:54","modified_gmt":"2024-04-11T09:45:54","slug":"15c42-web-agency-gb-home","status":"publish","type":"page","link":"https:\/\/centrumbio.info\/","title":{"rendered":"Strona G\u0142\u00f3wna"},"content":{"rendered":"\n<div class=\"wp-block-cover alignfull has-parallax\" style=\"min-height:700px;aspect-ratio:unset;\"><span aria-hidden=\"true\" class=\"wp-block-cover__background has-background-dim-0 has-background-dim\" style=\"background-color:#786f45\"><\/span><div class=\"wp-block-cover__image-background wp-image-4474 has-parallax\" style=\"background-position:50% 50%;background-image:url(https:\/\/centrumbio.info\/wp-content\/uploads\/2024\/04\/photo-1622959185770-1aea5a4e5e4e-scaled.webp)\"><\/div><div class=\"wp-block-cover__inner-container is-layout-flow wp-block-cover-is-layout-flow\">\n<div style=\"height:80px\" aria-hidden=\"true\" class=\"wp-block-spacer\"><\/div>\n\n\n\n<h1 class=\"wp-block-heading has-text-align-center has-nv-site-bg-color has-text-color\">Zapraszamy do Centrum <br>Edukacji Ekologicznej<br>w Gminie Radziechowy-Wieprz<\/h1>\n\n\n\n<p><\/p>\n\n\n\n<p class=\"has-text-align-center has-nv-site-bg-color has-text-color\" style=\"font-size:17px\">Dowiedz si\u0119 wi\u0119cej na temat Bior\u00f3\u017cnorodno\u015bci brzeg\u00f3w rzeki So\u0142y<\/p>\n\n\n\n<div class=\"wp-block-buttons is-horizontal is-content-justification-center is-layout-flex wp-container-core-buttons-is-layout-499968f5 wp-block-buttons-is-layout-flex\">\n<div class=\"wp-block-button is-style-primary\"><a class=\"wp-block-button__link wp-element-button\" href=\"https:\/\/centrumbio.info\/?page_id=307\" target=\"_blank\" rel=\"noreferrer noopener\">czytaj wi\u0119cej<\/a><\/div>\n\n\n\n<div class=\"wp-block-button is-style-secondary\"><a class=\"wp-block-button__link wp-element-button\" href=\"https:\/\/centrumbio.info\/?page_id=75\" target=\"_blank\" rel=\"noreferrer noopener\">kontakt<\/a><\/div>\n\n\n\n<div class=\"wp-block-button\"><a class=\"wp-block-button__link wp-element-button\" href=\"https:\/\/centrumbio.info\/?page_id=69\">oferta<\/a><\/div>\n<\/div>\n\n\n\n<div style=\"height:80px\" aria-hidden=\"true\" class=\"wp-block-spacer\"><\/div>\n\n\n\n<div style=\"height:80px\" aria-hidden=\"true\" class=\"wp-block-spacer\"><\/div>\n<\/div><\/div>\n\n\n\n<hr class=\"wp-block-separator has-css-opacity\"\/>\n\n\n\n<figure class=\"wp-block-image size-large\"><img loading=\"lazy\" decoding=\"async\" width=\"1175\" height=\"153\" src=\"https:\/\/centrumbio.info\/wp-content\/uploads\/2021\/11\/logotypy-prasa-edited.png\" alt=\"\" class=\"wp-image-404\" srcset=\"https:\/\/centrumbio.info\/wp-content\/uploads\/2021\/11\/logotypy-prasa-edited.png 1175w, https:\/\/centrumbio.info\/wp-content\/uploads\/2021\/11\/logotypy-prasa-edited-300x39.png 300w, https:\/\/centrumbio.info\/wp-content\/uploads\/2021\/11\/logotypy-prasa-edited-1024x133.png 1024w, https:\/\/centrumbio.info\/wp-content\/uploads\/2021\/11\/logotypy-prasa-edited-768x100.png 768w\" sizes=\"auto, (max-width: 1175px) 100vw, 1175px\" \/><\/figure>\n\n\n\n<p class=\"has-text-align-center has-medium-font-size\">Projekt <strong>&#8222;Ochrona r\u00f3\u017cnorodno\u015bci biologicznej poprzez zagospodarowanie <\/strong><br><strong>brzeg\u00f3w rzeki So\u0142y w miejscowo\u015bci Wieprz&#8221;<\/strong>, <br><em>wsp\u00f3\u0142finansowanym przez Uni\u0119 Europejsk\u0105 ze \u015brodk\u00f3w Europejskiego Funduszu Rozwoju Regionalnego <\/em><br><em>w ramach osi priorytetowej: V: Ochrona \u015brodowiska i efektywne wykorzystanie zasob\u00f3w <\/em><br><em>Regionalnego Programu Operacyjnego dla Wojew\u00f3dztwa \u015al\u0105skiego <\/em><br><em>na lata 2014-2020, Poddzia\u0142anie 5.4.3\/ Ochrona r\u00f3\u017cnorodno\u015bci biologicznej.&nbsp;<\/em><\/p>\n\n\n\n<hr class=\"wp-block-separator has-css-opacity\"\/>\n\n\n\n<div class=\"wp-block-columns is-layout-flex wp-container-core-columns-is-layout-9d6595d7 wp-block-columns-is-layout-flex\">\n<div class=\"wp-block-column is-layout-flow wp-block-column-is-layout-flow\"><div class=\"wp-block-image icon-style is-style-rounded\">\n<figure class=\"aligncenter size-full\"><img loading=\"lazy\" decoding=\"async\" width=\"128\" height=\"126\" src=\"https:\/\/centrumbio.info\/wp-content\/uploads\/2021\/11\/Zrzut-ekranu-2021-11-30-o-15.20.58.png\" alt=\"\" class=\"wp-image-391\" title=\"\"\/><\/figure>\n<\/div>\n\n\n<h3 class=\"wp-block-heading has-text-align-center has-neve-text-color-color has-text-color\">Edukacja<\/h3>\n\n\n\n<p class=\"has-text-align-center\">Jaka jest rola w procesie ochrony r\u00f3\u017cnorodno\u015bci biologicznej i \u015brodowiska przyrodniczego?<br>Co mo\u017cemy zrobi\u0107 dla \u015brodowiska?<\/p>\n\n\n\n<div style=\"height:20px\" aria-hidden=\"true\" class=\"wp-block-spacer\"><\/div>\n<\/div>\n\n\n\n<div class=\"wp-block-column is-layout-flow wp-block-column-is-layout-flow\"><div class=\"wp-block-image icon-style is-style-rounded\">\n<figure class=\"aligncenter size-full\"><img loading=\"lazy\" decoding=\"async\" width=\"128\" height=\"126\" src=\"https:\/\/centrumbio.info\/wp-content\/uploads\/2021\/11\/Zrzut-ekranu-2021-11-30-o-15.20.58.png\" alt=\"\" class=\"wp-image-391\"\/><\/figure>\n<\/div>\n\n\n<h3 class=\"wp-block-heading has-text-align-center has-neve-text-color-color has-text-color\">Ekologia<\/h3>\n\n\n\n<p class=\"has-text-align-center\">Kszta\u0142tujemy wi\u0119zi emocjonalne z przyrod\u0105 <br>oraz rozumienie znaczenia poj\u0119cia ekologia, my\u015blenie i dzia\u0142anie ekologiczne.<\/p>\n\n\n\n<div style=\"height:20px\" aria-hidden=\"true\" class=\"wp-block-spacer\"><\/div>\n<\/div>\n\n\n\n<div class=\"wp-block-column is-layout-flow wp-block-column-is-layout-flow\"><div class=\"wp-block-image icon-style is-style-rounded\">\n<figure class=\"aligncenter size-full\"><img loading=\"lazy\" decoding=\"async\" width=\"128\" height=\"126\" src=\"https:\/\/centrumbio.info\/wp-content\/uploads\/2021\/11\/Zrzut-ekranu-2021-11-30-o-15.20.58.png\" alt=\"\" class=\"wp-image-391\"\/><\/figure>\n<\/div>\n\n\n<h3 class=\"wp-block-heading has-text-align-center has-neve-text-color-color has-text-color\">Bior\u00f3\u017cnorodno\u015b\u0107<\/h3>\n\n\n\n<p class=\"has-text-align-center\">Czym jest bior\u00f3\u017cnorodno\u015b\u0107? Jaki \u015bwiat nas otacza? Czego nie widzimy a czego musimy si\u0119 jeszcze nauczy\u0107?<\/p>\n\n\n\n<div style=\"height:20px\" aria-hidden=\"true\" class=\"wp-block-spacer\"><\/div>\n<\/div>\n<\/div>\n\n\n\n<div class=\"wp-block-cover alignfull is-light has-parallax\" style=\"min-height:587px;aspect-ratio:unset;\"><span aria-hidden=\"true\" class=\"wp-block-cover__background has-background-dim-40 has-background-dim\" style=\"background-color:#000000\"><\/span><div class=\"wp-block-cover__image-background wp-image-4466 has-parallax\" style=\"background-position:50% 50%;background-image:url(https:\/\/centrumbio.info\/wp-content\/uploads\/2024\/04\/photo-1613099867338-6f16e960c8b2-scaled.webp)\"><\/div><div class=\"wp-block-cover__inner-container is-layout-flow wp-block-cover-is-layout-flow\">\n<h2 class=\"wp-block-heading alignwide has-white-color has-text-color\" style=\"font-size:48px;line-height:1.2\"><strong>AKTUALNO\u015aCI<\/strong><\/h2>\n\n\n\n<div class=\"wp-block-columns alignwide is-layout-flex wp-container-core-columns-is-layout-9d6595d7 wp-block-columns-is-layout-flex\">\n<div class=\"wp-block-column is-layout-flow wp-block-column-is-layout-flow\" style=\"flex-basis:60%\">\n<p class=\"has-text-color\" style=\"color:#ffffff\">Dowiedz si\u0119 co dzieje si\u0119 w CEE R-W. Zobacz jak wygl\u0105daj\u0105 zaj\u0119cia. <\/p>\n\n\n\n<div class=\"wp-block-buttons is-layout-flex wp-block-buttons-is-layout-flex\">\n<div class=\"wp-block-button is-style-outline is-style-outline--1\"><a class=\"wp-block-button__link has-text-color has-background wp-element-button\" href=\"https:\/\/centrumbio.info\/?page_id=307\" style=\"color:#ffffff;background-color:#000000\">Aktualno\u015bci<\/a><\/div>\n<\/div>\n<\/div>\n\n\n\n<div class=\"wp-block-column is-layout-flow wp-block-column-is-layout-flow\"><\/div>\n<\/div>\n<\/div><\/div>\n\n\n\n<div class=\"wp-block-cover alignfull\" style=\"min-height:600px;aspect-ratio:unset;\"><span aria-hidden=\"true\" class=\"wp-block-cover__background has-nv-light-bg-background-color has-background-dim-100 has-background-dim\"><\/span><div class=\"wp-block-cover__inner-container is-layout-flow wp-block-cover-is-layout-flow\">\n<div class=\"wp-block-group\"><div class=\"wp-block-group__inner-container is-layout-flow wp-block-group-is-layout-flow\">\n<div style=\"height:80px\" aria-hidden=\"true\" class=\"wp-block-spacer\"><\/div>\n\n\n\n<div class=\"wp-block-columns are-vertically-aligned-center is-layout-flex wp-container-core-columns-is-layout-9d6595d7 wp-block-columns-is-layout-flex\">\n<div class=\"wp-block-column is-vertically-aligned-center is-layout-flow wp-block-column-is-layout-flow\" style=\"flex-basis:50%\">\n<figure class=\"wp-block-image size-full is-resized\"><img loading=\"lazy\" decoding=\"async\" width=\"768\" height=\"768\" src=\"https:\/\/centrumbio.info\/wp-content\/uploads\/2023\/12\/batch_IMG_2859-edited.jpg\" alt=\"\" class=\"wp-image-4062\" style=\"width:500px\" srcset=\"https:\/\/centrumbio.info\/wp-content\/uploads\/2023\/12\/batch_IMG_2859-edited.jpg 768w, https:\/\/centrumbio.info\/wp-content\/uploads\/2023\/12\/batch_IMG_2859-edited-300x300.jpg 300w, https:\/\/centrumbio.info\/wp-content\/uploads\/2023\/12\/batch_IMG_2859-edited-150x150.jpg 150w, https:\/\/centrumbio.info\/wp-content\/uploads\/2023\/12\/batch_IMG_2859-edited-500x500.jpg 500w\" sizes=\"auto, (max-width: 768px) 100vw, 768px\" \/><\/figure>\n<\/div>\n\n\n\n<div class=\"wp-block-column is-vertically-aligned-center is-layout-flow wp-block-column-is-layout-flow\" style=\"flex-basis:50%\">\n<div style=\"height:20px\" aria-hidden=\"true\" class=\"wp-block-spacer\"><\/div>\n\n\n\n<h2 class=\"wp-block-heading has-text-align-left has-neve-text-color-color has-text-color\">\u015awi\u0119to SO\u0141Y<br>Piknik ekologiczny<\/h2>\n\n\n\n<p class=\"has-text-align-left has-neve-text-color-color has-text-color\" style=\"font-size:17px\">20 listopada 2021 roku, w Centrum Edukacji Ekologicznej w miejscowo\u015bci Wieprz odby\u0142 si\u0119 Rodzinny Piknik Ekologiczny. <\/p>\n\n\n\n<div class=\"wp-block-buttons is-horizontal is-content-justification-left is-layout-flex wp-container-core-buttons-is-layout-7e5fce0a wp-block-buttons-is-layout-flex\">\n<div class=\"wp-block-button is-style-primary\"><a class=\"wp-block-button__link wp-element-button\" href=\"https:\/\/centrumbio.info\/?p=3646\">PRZECZYTAJ WI\u0118CEJ<\/a><\/div>\n<\/div>\n<\/div>\n<\/div>\n\n\n\n<div style=\"height:40px\" aria-hidden=\"true\" class=\"wp-block-spacer\"><\/div>\n<\/div><\/div>\n<\/div><\/div>\n\n\n\n<div class=\"wp-block-cover alignfull\" style=\"min-height:600px;aspect-ratio:unset;\"><span aria-hidden=\"true\" class=\"wp-block-cover__background has-nv-site-bg-background-color has-background-dim-100 has-background-dim\"><\/span><div class=\"wp-block-cover__inner-container is-layout-flow wp-block-cover-is-layout-flow\">\n<div class=\"wp-block-group\"><div class=\"wp-block-group__inner-container is-layout-flow wp-block-group-is-layout-flow\">\n<div style=\"height:80px\" aria-hidden=\"true\" class=\"wp-block-spacer\"><\/div>\n\n\n\n<div class=\"wp-block-columns are-vertically-aligned-center is-layout-flex wp-container-core-columns-is-layout-9d6595d7 wp-block-columns-is-layout-flex\">\n<div class=\"wp-block-column is-vertically-aligned-center is-layout-flow wp-block-column-is-layout-flow\" style=\"flex-basis:50%\">\n<h2 class=\"wp-block-heading has-text-align-left has-neve-text-color-color has-text-color\">Akwarium Bitopowe <\/h2>\n\n\n\n<p class=\"has-text-align-left has-neve-text-color-color has-text-color\" style=\"font-size:17px\">20 sierpnia 2022 roku zosta\u0142o oficjalnie ods\u0142oni\u0119te Akwarium Biotopowe rzeki So\u0142y. Projekt \u201eAkwarium Biotopowe\u201d&nbsp;jest&nbsp;<strong>wsp\u00f3\u0142finansowany ze \u015brodk\u00f3w firmy \u017bywiec Zdr\u00f3j S.A.&nbsp;w ramach programu grantowego Lokalne Inicjatywy Spo\u0142eczne \u017bywiec Zdr\u00f3j \u2013 edycja 2022\u201d.<\/strong><\/p>\n\n\n<div class=\"wp-block-image\">\n<figure class=\"aligncenter size-large is-resized\"><img loading=\"lazy\" decoding=\"async\" width=\"1024\" height=\"344\" src=\"https:\/\/centrumbio.info\/wp-content\/uploads\/2022\/06\/Zrzut-ekranu-2022-07-7-o-13.20.34-1024x344.png\" alt=\"\" class=\"wp-image-1790\" style=\"width:391px;height:130px\" srcset=\"https:\/\/centrumbio.info\/wp-content\/uploads\/2022\/06\/Zrzut-ekranu-2022-07-7-o-13.20.34-1024x344.png 1024w, https:\/\/centrumbio.info\/wp-content\/uploads\/2022\/06\/Zrzut-ekranu-2022-07-7-o-13.20.34-300x101.png 300w, https:\/\/centrumbio.info\/wp-content\/uploads\/2022\/06\/Zrzut-ekranu-2022-07-7-o-13.20.34-768x258.png 768w, https:\/\/centrumbio.info\/wp-content\/uploads\/2022\/06\/Zrzut-ekranu-2022-07-7-o-13.20.34-1536x516.png 1536w, https:\/\/centrumbio.info\/wp-content\/uploads\/2022\/06\/Zrzut-ekranu-2022-07-7-o-13.20.34-2048x689.png 2048w, https:\/\/centrumbio.info\/wp-content\/uploads\/2022\/06\/Zrzut-ekranu-2022-07-7-o-13.20.34-500x168.png 500w, https:\/\/centrumbio.info\/wp-content\/uploads\/2022\/06\/Zrzut-ekranu-2022-07-7-o-13.20.34-800x269.png 800w, https:\/\/centrumbio.info\/wp-content\/uploads\/2022\/06\/Zrzut-ekranu-2022-07-7-o-13.20.34-1280x430.png 1280w, https:\/\/centrumbio.info\/wp-content\/uploads\/2022\/06\/Zrzut-ekranu-2022-07-7-o-13.20.34-1920x646.png 1920w\" sizes=\"auto, (max-width: 1024px) 100vw, 1024px\" \/><\/figure>\n<\/div>\n\n\n<p><\/p>\n\n\n\n<div class=\"wp-block-buttons is-horizontal is-content-justification-center is-layout-flex wp-container-core-buttons-is-layout-499968f5 wp-block-buttons-is-layout-flex\">\n<div class=\"wp-block-button is-style-primary\"><a class=\"wp-block-button__link has-text-align-center wp-element-button\" href=\"https:\/\/centrumbio.info\/?p=2035\">DOWIEDZ SI\u0118 TUTAJ<\/a><\/div>\n<\/div>\n\n\n\n<div style=\"height:40px\" aria-hidden=\"true\" class=\"wp-block-spacer\"><\/div>\n<\/div>\n\n\n\n<div class=\"wp-block-column is-vertically-aligned-center is-layout-flow wp-block-column-is-layout-flow\" style=\"flex-basis:50%\">\n<figure class=\"wp-block-image size-full is-resized\"><img loading=\"lazy\" decoding=\"async\" width=\"493\" height=\"493\" src=\"https:\/\/centrumbio.info\/wp-content\/uploads\/2023\/12\/swieto_soly56-edited.jpg\" alt=\"\" class=\"wp-image-4067\" style=\"width:500px\" srcset=\"https:\/\/centrumbio.info\/wp-content\/uploads\/2023\/12\/swieto_soly56-edited.jpg 493w, https:\/\/centrumbio.info\/wp-content\/uploads\/2023\/12\/swieto_soly56-edited-300x300.jpg 300w, https:\/\/centrumbio.info\/wp-content\/uploads\/2023\/12\/swieto_soly56-edited-150x150.jpg 150w\" sizes=\"auto, (max-width: 493px) 100vw, 493px\" \/><\/figure>\n<\/div>\n<\/div>\n\n\n\n<div style=\"height:40px\" aria-hidden=\"true\" class=\"wp-block-spacer\"><\/div>\n<\/div><\/div>\n<\/div><\/div>\n\n\n\n<div class=\"wp-block-cover alignfull\" style=\"min-height:600px;aspect-ratio:unset;\"><span aria-hidden=\"true\" class=\"wp-block-cover__background has-nv-dark-bg-background-color has-background-dim-100 has-background-dim\"><\/span><div class=\"wp-block-cover__inner-container is-layout-flow wp-block-cover-is-layout-flow\">\n<div class=\"wp-block-group\"><div class=\"wp-block-group__inner-container is-layout-flow wp-block-group-is-layout-flow\">\n<div style=\"height:80px\" aria-hidden=\"true\" class=\"wp-block-spacer\"><\/div>\n\n\n\n<div class=\"wp-block-columns are-vertically-aligned-center is-layout-flex wp-container-core-columns-is-layout-9d6595d7 wp-block-columns-is-layout-flex\">\n<div class=\"wp-block-column is-vertically-aligned-center is-layout-flow wp-block-column-is-layout-flow\" style=\"flex-basis:50%\">\n<figure class=\"wp-block-image size-full is-resized\"><img loading=\"lazy\" decoding=\"async\" width=\"768\" height=\"768\" src=\"https:\/\/centrumbio.info\/wp-content\/uploads\/2023\/12\/batch_IMG_4830-edited.jpg\" alt=\"\" class=\"wp-image-4064\" style=\"width:500px\" srcset=\"https:\/\/centrumbio.info\/wp-content\/uploads\/2023\/12\/batch_IMG_4830-edited.jpg 768w, https:\/\/centrumbio.info\/wp-content\/uploads\/2023\/12\/batch_IMG_4830-edited-300x300.jpg 300w, https:\/\/centrumbio.info\/wp-content\/uploads\/2023\/12\/batch_IMG_4830-edited-150x150.jpg 150w, https:\/\/centrumbio.info\/wp-content\/uploads\/2023\/12\/batch_IMG_4830-edited-500x500.jpg 500w\" sizes=\"auto, (max-width: 768px) 100vw, 768px\" \/><\/figure>\n<\/div>\n\n\n\n<div class=\"wp-block-column is-vertically-aligned-center is-layout-flow wp-block-column-is-layout-flow\" style=\"flex-basis:50%\">\n<div style=\"height:40px\" aria-hidden=\"true\" class=\"wp-block-spacer\"><\/div>\n\n\n\n<h2 class=\"wp-block-heading has-text-align-left has-nv-text-dark-bg-color has-text-color\">Zaj\u0119cia Edukacyjne<\/h2>\n\n\n\n<p class=\"has-text-align-left has-nv-text-dark-bg-color has-text-color\" style=\"font-size:17px\">W roku szkolnym przeprowadzamy zaj\u0119cia dla szk\u00f3\u0142 oraz grup zorganizowanych. Zaj\u0119cia po\u015bwi\u0119cone sa tematyce bior\u00f3\u017cnorodno\u015bci rzeki So\u0142y. Zapraszamy do kontaktu, by um\u00f3wi\u0107 si\u0119 na zaj\u0119cia. <\/p>\n\n\n\n<div class=\"wp-block-buttons is-horizontal is-content-justification-left is-layout-flex wp-container-core-buttons-is-layout-7e5fce0a wp-block-buttons-is-layout-flex\">\n<div class=\"wp-block-button is-style-primary\"><a class=\"wp-block-button__link wp-element-button\" href=\"https:\/\/centrumbio.info\/?p=1353\">DOWIEDZ SI\u0118 WI\u0118CEJ<\/a><\/div>\n<\/div>\n<\/div>\n<\/div>\n\n\n\n<div style=\"height:50px\" aria-hidden=\"true\" class=\"wp-block-spacer\"><\/div>\n<\/div><\/div>\n<\/div><\/div>\n\n\n\n<div class=\"wp-block-cover alignfull\" style=\"min-height:420px;aspect-ratio:unset;\"><span aria-hidden=\"true\" class=\"wp-block-cover__background has-nv-light-bg-background-color has-background-dim-100 has-background-dim\"><\/span><div class=\"wp-block-cover__inner-container is-layout-flow wp-block-cover-is-layout-flow\">\n<div style=\"height:80px\" aria-hidden=\"true\" class=\"wp-block-spacer\"><\/div>\n\n\n\n<div class=\"wp-block-columns is-layout-flex wp-container-core-columns-is-layout-9d6595d7 wp-block-columns-is-layout-flex\">\n<div class=\"wp-block-column ticss-4ce656f1 is-layout-flow wp-block-column-is-layout-flow\">\n<figure class=\"wp-block-image size-full is-resized is-style-rounded\"><img loading=\"lazy\" decoding=\"async\" width=\"1024\" height=\"1024\" src=\"https:\/\/centrumbio.info\/wp-content\/uploads\/2021\/11\/image-1.jpeg\" alt=\"\" class=\"wp-image-394\" style=\"width:78px;height:78px\" srcset=\"https:\/\/centrumbio.info\/wp-content\/uploads\/2021\/11\/image-1.jpeg 1024w, https:\/\/centrumbio.info\/wp-content\/uploads\/2021\/11\/image-1-300x300.jpeg 300w, https:\/\/centrumbio.info\/wp-content\/uploads\/2021\/11\/image-1-150x150.jpeg 150w, https:\/\/centrumbio.info\/wp-content\/uploads\/2021\/11\/image-1-768x768.jpeg 768w\" sizes=\"auto, (max-width: 1024px) 100vw, 1024px\" \/><\/figure>\n\n\n\n<p class=\"has-text-align-left has-neve-text-color-color has-text-color\">\u201cSuper, \u017ce powsta\u0142o miejsce, gdzie mo\u017cna wi\u0119cej dowiedzie\u0107 si\u0119 o bior\u00f3\u017cnorodno\u015bci naszego regionu. Ciekawe miejsce, ch\u0119tnie b\u0119d\u0119 odwiedza\u0107 je cz\u0119\u015bciej z dzie\u0107mi na r\u00f3\u017cnego typu warsztatach.\u201d<\/p>\n\n\n\n<p class=\"has-neve-text-color-color has-text-color\">Krystyna P.<\/p>\n\n\n\n<div style=\"height:20px\" aria-hidden=\"true\" class=\"wp-block-spacer\"><\/div>\n<\/div>\n\n\n\n<div class=\"wp-block-column ticss-f6fc7494 is-layout-flow wp-block-column-is-layout-flow\">\n<figure class=\"wp-block-image size-full is-resized is-style-rounded\"><img loading=\"lazy\" decoding=\"async\" width=\"1024\" height=\"1024\" src=\"https:\/\/centrumbio.info\/wp-content\/uploads\/2021\/11\/image-2.jpeg\" alt=\"\" class=\"wp-image-395\" style=\"width:78px;height:78px\" srcset=\"https:\/\/centrumbio.info\/wp-content\/uploads\/2021\/11\/image-2.jpeg 1024w, https:\/\/centrumbio.info\/wp-content\/uploads\/2021\/11\/image-2-300x300.jpeg 300w, https:\/\/centrumbio.info\/wp-content\/uploads\/2021\/11\/image-2-150x150.jpeg 150w, https:\/\/centrumbio.info\/wp-content\/uploads\/2021\/11\/image-2-768x768.jpeg 768w\" sizes=\"auto, (max-width: 1024px) 100vw, 1024px\" \/><\/figure>\n\n\n\n<p class=\"has-text-align-left has-neve-text-color-color has-text-color\">\u201cOgromnie ciesz\u0119 si\u0119, ze takie miejsce powsta\u0142o w\u0142a\u015bnie w Gminnie Radziechowy-Wieprz. licz\u0119, \u017ce czas pozwoli mi na cz\u0119ste odwiedzanie tego miejsca.\u201d<\/p>\n\n\n\n<p class=\"has-neve-text-color-color has-text-color\">Dawid B.<\/p>\n\n\n\n<div style=\"height:20px\" aria-hidden=\"true\" class=\"wp-block-spacer\"><\/div>\n<\/div>\n\n\n\n<div class=\"wp-block-column ticss-a5b4df29 is-layout-flow wp-block-column-is-layout-flow\">\n<figure class=\"wp-block-image size-full is-resized is-style-rounded\"><img loading=\"lazy\" decoding=\"async\" width=\"1024\" height=\"1024\" src=\"https:\/\/centrumbio.info\/wp-content\/uploads\/2021\/11\/image.jpeg\" alt=\"\" class=\"wp-image-396\" style=\"width:78px;height:78px\" srcset=\"https:\/\/centrumbio.info\/wp-content\/uploads\/2021\/11\/image.jpeg 1024w, https:\/\/centrumbio.info\/wp-content\/uploads\/2021\/11\/image-300x300.jpeg 300w, https:\/\/centrumbio.info\/wp-content\/uploads\/2021\/11\/image-150x150.jpeg 150w, https:\/\/centrumbio.info\/wp-content\/uploads\/2021\/11\/image-768x768.jpeg 768w\" sizes=\"auto, (max-width: 1024px) 100vw, 1024px\" \/><\/figure>\n\n\n\n<p class=\"has-text-align-left has-neve-text-color-color has-text-color\">\u201cJestem zachwycona. Moje dzieci ca\u0142y dzie\u0144 sp\u0119dzi\u0142y w towarzystwie owad\u00f3w, wystaw edukacyjnych. Mogli\u015bmy dowiedzie\u0107 si\u0119 czego\u015b na temat naszego lokalnego \u015brodowiska. Okazuje si\u0119, \u017ce wok\u00f3\u0142 naszej rzeki mieszka wiele ciekawych owad\u00f3w.\u201d<\/p>\n\n\n\n<p class=\"has-neve-text-color-color has-text-color\">Anna W.<\/p>\n\n\n\n<div style=\"height:20px\" aria-hidden=\"true\" class=\"wp-block-spacer\"><\/div>\n<\/div>\n<\/div>\n\n\n\n<div style=\"height:30px\" aria-hidden=\"true\" class=\"wp-block-spacer\"><\/div>\n<\/div><\/div>\n\n\n\n<div class=\"wp-block-cover alignfull\" style=\"min-height:300px;aspect-ratio:unset;\"><span aria-hidden=\"true\" class=\"wp-block-cover__background has-nv-dark-bg-background-color has-background-dim-100 has-background-dim\"><\/span><div class=\"wp-block-cover__inner-container is-layout-flow wp-block-cover-is-layout-flow\">\n<div style=\"height:140px\" aria-hidden=\"true\" class=\"wp-block-spacer\"><\/div>\n\n\n\n<h2 class=\"wp-block-heading has-text-align-center has-nv-text-dark-bg-color has-text-color\">Je\u015bli masz pytanie, <br>koniecznie skontaktuj si\u0119 z nami!<\/h2>\n\n\n\n<p class=\"has-text-align-center\">Dowiedz si\u0119 co w najbli\u017cszym czasie b\u0119dzie si\u0119 u nas dzia\u0142o. Zapraszamy do odwiedzenia zak\u0142adki z ofertami oraz do kontaktu.<\/p>\n\n\n\n<div class=\"wp-block-buttons is-horizontal is-content-justification-center is-layout-flex wp-container-core-buttons-is-layout-499968f5 wp-block-buttons-is-layout-flex\">\n<div class=\"wp-block-button is-style-primary\"><a class=\"wp-block-button__link wp-element-button\" href=\"https:\/\/centrumbio.info\/?page_id=75\" target=\"_blank\" rel=\"noreferrer noopener\">Dowiedz si\u0119 wi\u0119cej <\/a><\/div>\n<\/div>\n\n\n\n<div style=\"height:140px\" aria-hidden=\"true\" class=\"wp-block-spacer\"><\/div>\n<\/div><\/div>\n\n\n\n<p><\/p>\n","protected":false},"excerpt":{"rendered":"<p>Projekt &#8222;Ochrona r\u00f3\u017cnorodno\u015bci biologicznej poprzez zagospodarowanie brzeg\u00f3w rzeki So\u0142y w miejscowo\u015bci Wieprz&#8221;, wsp\u00f3\u0142finansowanym przez Uni\u0119 Europejsk\u0105 ze \u015brodk\u00f3w Europejskiego Funduszu Rozwoju Regionalnego w ramach osi priorytetowej: V: Ochrona \u015brodowiska i efektywne wykorzystanie zasob\u00f3w Regionalnego Programu Operacyjnego dla Wojew\u00f3dztwa \u015al\u0105skiego na lata 2014-2020, Poddzia\u0142anie 5.4.3\/ Ochrona r\u00f3\u017cnorodno\u015bci biologicznej.&nbsp; Edukacja Jaka jest rola w procesie ochrony r\u00f3\u017cnorodno\u015bci&hellip;&nbsp;<a href=\"https:\/\/centrumbio.info\/\" rel=\"bookmark\">Dowiedz si\u0119 wi\u0119cej &raquo;<span class=\"screen-reader-text\">Strona G\u0142\u00f3wna<\/span><\/a><\/p>\n","protected":false},"author":6,"featured_media":0,"parent":0,"menu_order":0,"comment_status":"closed","ping_status":"closed","template":"","meta":{"neve_meta_sidebar":"default","neve_meta_container":"default","neve_meta_enable_content_width":"on","neve_meta_content_width":100,"neve_meta_title_alignment":"","neve_meta_author_avatar":"","neve_post_elements_order":"","neve_meta_disable_header":"","neve_meta_disable_footer":"","neve_meta_disable_title":"on","_vp_format_video_url":"","_vp_image_focal_point":[],"footnotes":""},"class_list":["post-5","page","type-page","status-publish","hentry"],"_links":{"self":[{"href":"https:\/\/centrumbio.info\/index.php?rest_route=\/wp\/v2\/pages\/5","targetHints":{"allow":["GET"]}}],"collection":[{"href":"https:\/\/centrumbio.info\/index.php?rest_route=\/wp\/v2\/pages"}],"about":[{"href":"https:\/\/centrumbio.info\/index.php?rest_route=\/wp\/v2\/types\/page"}],"author":[{"embeddable":true,"href":"https:\/\/centrumbio.info\/index.php?rest_route=\/wp\/v2\/users\/6"}],"replies":[{"embeddable":true,"href":"https:\/\/centrumbio.info\/index.php?rest_route=%2Fwp%2Fv2%2Fcomments&post=5"}],"version-history":[{"count":49,"href":"https:\/\/centrumbio.info\/index.php?rest_route=\/wp\/v2\/pages\/5\/revisions"}],"predecessor-version":[{"id":4475,"href":"https:\/\/centrumbio.info\/index.php?rest_route=\/wp\/v2\/pages\/5\/revisions\/4475"}],"wp:attachment":[{"href":"https:\/\/centrumbio.info\/index.php?rest_route=%2Fwp%2Fv2%2Fmedia&parent=5"}],"curies":[{"name":"wp","href":"https:\/\/api.w.org\/{rel}","templated":true}]}}